152ad2 (base 15) to base 6.
-33522025
What is a9588 (base 14) in base 9?
684316
What is 72578 (base 11) in base 12?
512bb
Convert 1322224 (base 7) to base 14.
47414
What is -10013102211 (base 4) in base 3?
-2000210100010
What is -110011010010101001 (base 2) in base 15?
-423ae
273a00 (base 14) to base 6
45012000
-154104 (base 6) to base 11
-10432
Convert 9de2 (base 16) to base 10.
40418
What is -a52a2 (base 13) in base 11?
-19320a
What is -3123033 (base 5) in base 14?
-14b6b
5e59ae (base 15) to base 14
85ad21
Convert -dcca (base 15) to base 12.
-23091
2b7e72 (base 16) to base 14
542ad4
11254 (base 16) to base 11
48844
Convert -11111110111110010100 (base 2) to base 12.
-424470
Convert -a983 (base 12) to base 3.
-221121200
What is -baf31 (base 16) in base 3?
-1102220101221
493a40 (base 11) to base 14
1649b6
Convert e1589 (base 15) to base 3.
1100020120110
What is -10110000000111001011010 (base 2) in base 12?
-1b23736
What is -7315665 (base 8) in base 10?
-1940405
-40171653 (base 8) to base 5
-4130412422
What is -6104 (base 14) in base 4?
-10010120
Convert -2a19289 (base 12) to base 16.
-81a749
Convert 52722 (base 9) to base 8.
104042
What is 105043 (base 11) in base 5?
20332003
3442244 (base 5) to base 10
62199
6850514 (base 11) to base 12
40236bb
Convert 184a03 (base 13) to base 5.
124012022
Convert -1065755 (base 8) to base 14.
-77861
What is -11b74c (base 15) in base 8?
-3171604
Convert 23131302313 (base 4) to base 8.
13356267
1161716 (base 8) to base 3
121021120222
4d50c7 (base 15) to base 7
43362106
Convert -23b6 (base 15) to base 3.
-101102100
What is -447783 (base 9) in base 14?
-6da41
-401370 (base 10) to base 3
-202101120120
What is 30343075 (base 8) in base 10?
6407741
126747 (base 10) to base 14
34295
What is 2ea60a (base 16) in base 2?
1011101010011000001010
Convert -4759cc (base 13) to base 7.
-20300530
What is 89243 (base 11) in base 10?
129396
-1906830 (base 10) to base 7
-22131162
What is -16949 (base 14) in base 16?
-dd85
What is 121033302 (base 4) in base 16?
193f2
Convert 15001415 (base 6) to base 7.
4236224
Convert 3210343 (base 5) to base 9.
81771
Convert 31202031101 (base 4) to base 7.
42104660
Convert 3a630 (base 16) to base 11.
153751
Convert -303009 (base 14) to base 15.
-220793
Convert 13254452 (base 6) to base 7.
3523322
Convert -dfdae (base 16) to base 8.
-3376656
-3322303321 (base 5) to base 7
-115304411
Convert -20462345 (base 8) to base 13.
-b946a1
What is 2a1a31 (base 14) in base 9?
2671883
Convert -3360477 (base 8) to base 4.
-3132010333
-11100212121002 (base 3) to base 6
-121421132
Convert 34415264 (base 7) to base 13.
816392
10676314 (base 8) to base 7
25524330
What is -ad073 (base 15) in base 13?
-1635a8
-217266 (base 11) to base 5
-42040444
-baa3 (base 12) to base 13
-9495
What is 149b34 (base 13) in base 3?
221202202122
-2161926 (base 10) to base 5
-1023140201
What is b94c8 (base 14) in base 6?
13335052
1322312033 (base 4) to base 5
112100213
Convert 405142253 (base 6) to base 13.
159b45a
What is 1010010110010001 (base 2) in base 11?
29932
What is -1112020011 (base 3) in base 15?
-8d8a
17104201 (base 8) to base 14
753a49
Convert -10011101111110101 (base 2) to base 13.
-2aa7c
2a2a271 (base 12) to base 5
4140110123
What is -1230143 (base 6) in base 3?
-10100202100
Convert 212213022 (base 4) to base 16.
269ca
Convert 2212420 (base 5) to base 10.
38485
What is -154571 (base 16) in base 7?
-14564144
-1375577 (base 9) to base 11
-478a79
Convert -22221102002212 (base 3) to base 7.
-55250231
b683ba (base 12) to base 9
5363067
Convert 28651 (base 13) to base 12.
37a2a
Convert 1011111011001 (base 2) to base 10.
6105
-633c77 (base 13) to base 2
-1000110110111011101110
Convert 102aa0b (base 13) to base 15.
66e187
What is 1001001110001111010 (base 2) in base 8?
1116172
Convert 1346614 (base 7) to base 3.
100010222001
Convert 211232131 (base 4) to base 3.
21211222011
What is -523547 (base 10) in base 13?
-1543bb
Convert 10220342 (base 5) to base 6.
1500510
Convert 12114360 (base 8) to base 16.
2898f0
What is -1012211321 (base 5) in base 8?
-7712122
Convert -102022302220 (base 4) to base 14.
-8bd9d6
Convert 1002112000 (base 3) to base 2.
101010000001111
Convert 30243004 (base 5) to base 9.
411020
Convert 634ab9 (base 12) to base 13.
429981
What is 22332332200 (base 4) in base 11?
169736a
Convert -21204222 (base 5) to base 16.
-2b9ff
What is 5edb3 (base 15) in base 2?
1001010000101101100
What is -1623240 (base 8) in base 12?
-1a7254
Convert 10101000100100010 (base 2) to base 3.
11101101112
Convert 2774531 (base 10) to base 11.
1625601
Convert 13103141 (base 5) to base 10.
128546
Convert -53cd5d (base 15) to base 2.
-1111001110101011000111
Convert -2512233 (base 6) to base 15.
-29a93
Convert -a00c4 (base 16) to base 2.
-10100000000011000100
Convert 51042630 (base 7) to base 5.
2041332334
What is cb2900 (base 13) in base 9?
8877804
Convert -1685a32 (base 14) to base 4.
-222100331230
What is 759256 (base 14) in base 10?
3982012
What is 450109 (base 14) in base 12?
9502a5
What is 7a5f (base 16) in base 2?
111101001011111
4066140 (base 8) to base 9
2020381
-2fd75f (base 16) to base 12
-1072513
-6272257 (base 9) to base 6
-155521211
What is 1626430 (base 8) in base 13?
1360a8
Convert 210045 (base 7) to base 8.
106320
What is 3013231021 (base 4) in base 13?
228427
Convert -213014 (base 12) to base 9.
-877217
Convert 2210001121212 (base 3) to base 14.
2a65b3
Convert 100031320112 (base 4) to base 10.
4251158
Convert 30135 (base 9) to base 8.
46524
What is -118168 (base 9) in base 6?
-1311225
-12131102330 (base 5) to base 3
-222221022210221
-5a2386 (base 15) to base 14
-802d36
What is b887d4 (base 15) in base 3?
121112102100201
Convert 4320275 (base 8) to base 9.
2150643
50624 (base 10) to base 7
300410
Convert -633560 (base 8) to base 16.
-33770
Convert 1ce20 (base 15) to base 8.
270141
What is -1002131310 (base 6) in base 4?
-212312011122
What is 66e0a (base 15) in base 11?
203889
-194065 (base 10) to base 11
-122893
What is -2288765 (base 9) in base 8?
-4565566
Convert -202000110100 (base 3) to base 8.
-1401411
What is -11000010110101111 (base 2) in base 5?
-11143014
What is -a253ae (base 16) in base 10?
-10638254
-15827007 (base 9) to base 7
-124260601
Convert -2111112200011 (base 3) to base 16.
-144931
-16219023 (base 10) to base 16
-f77b8f
Convert 3155726 (base 8) to base 9.
1523874
What is 1010100110100100111111 (base 2) in base 4?
22212210333
112799 (base 10) to base 4
123202133
186be (base 15) to base 5
10013104
What is 103210003120 (base 4) in base 3?
100122112212001
Convert 2517317 (base 9) to base 8.
5163702
-23096 (base 10) to base 16
-5a38
Convert 32a704 (base 11) to base 9.
882316
Convert -9ee482 (base 16) to base 4.
-213232102002
7ab892 (base 12) to base 14
393a34
Convert 8992b (base 15) to base 16.
6acc1
Convert 1012841 (base 10) to base 9.
1813318
200022001 (base 4) to base 9
220607
350407 (base 8) to base 6
2315051
Convert 184127 (base 15) to base 6.
41130201
Convert 143413461 (base 7) to base 10.
9482817
Convert 1332257 (base 8) to base 16.
5b4af
What is 11011110101 (base 3) in base 10?
81982
What is 3a38cd (base 14) in base 11?
1151393
Convert -1120193 (base 10) to base 16.
-1117c1
-110111001111001000 (base 2) to base 13
-7bc99
Convert 100003113 (base 5) to base 7.
3216016
What is -13311123 (base 4) in base 9?
-48016
Convert 4a5729 (base 13) to base 7.
21104131
Convert 405124125 (base 6) to base 3.
111002202110222
Convert -205480 (base 9) to base 7.
-1016043
4424600 (base 7) to base 10
544292
211022202 (base 3) to base 6
203202
12112131 (base 5) to base 12
55774
Convert -187025 (base 9) to base 13.
-41141
What is -10002202222 (base 3) in base 16?
-ee91
Convert 5aa1 (base 12) to base 4.
2133121
-1b5259 (base 12) to base 7
-4062456
What is -594a3 (base 12) in base 2?
-11101010001111011
What is 16a716 (base 12) in base 4?
1133212002
111112122222100 (base 3) to base 6
414133143
Convert -22102032 (base 5) to base 13.
-68b70
-5e954 (base 16) to base 12
-168244
1222986 (base 10) to base 8
4524512
Convert -24122 (base 5) to base 6.
-12135
17409 (base 13) to base 14
12397
What is 2301431 (base 5) in base 16?
9fa2
Convert -6723978 (base 10) to base 15.
-8cc453
41a59a (base 11) to base 15
d457e
What is -12012020222 (bas